True
Let d(t) = -4*t. Let a be d(8). Let v = a - -46. Let n = -6 + v. Is n a multiple of 5?
False
Let h(m) = -12*m - 2. Suppose 0*k - 4 = k. Is 19 a factor of h(k)?
False
Let v = -38 - -69. Is v a multiple of 3?
False
Let l be (-87)/((-2)/(-8)*-3). Suppose 4*c + 96 = 2*x, 0 = -4*x + c + 69 + l. Does 23 divide x?
True
Let d = 78 + -6. Is 36 a factor of d?
True
Suppose -5*b + 5*h = -3 + 8, -6 = b - 2*h. Suppose a + a - b = 0. Does 2 divide a?
True
Suppose -5*m + j = -449, 111 + 261 = 4*m - 4*j. Is m a multiple of 19?
False
Suppose -3*k - 22 = 8. Let d(n) = n**2 + 7*n. Let g be d(k). Suppose 5*b - 2*b = g. Is 7 a factor of b?
False
Let d = -161 + 457. Is d a multiple of 12?
False
Is 0 - -136*1 - -4 a multiple of 42?
False
Suppose 3*y = -2*o + 72, o + 3*o - 4*y = 164. Is o a multiple of 14?
False
Let d = -12 + 21. Is 9 a factor of d?
True
Let b = 21 + -18. Is b a multiple of 2?
False
Let r = 272 - 73. Let i = -110 + r. Suppose 5*m - 233 = -3*y, -2*m + 2*y + y + i = 0. Is 18 a factor of m?
False
Suppose 4*m - 7 + 39 = 0. Let g(z) = -z**3 - 8*z**2 - 11*z - 3. Let p be g(m). Suppose -3*o = -p - 11. Is 16 a factor of o?
True
Let g(z) = -z**2 - 8*z - 5. Let h be g(-7). Suppose 6*d - d = 5*k - 45, 0 = -k + h*d + 12. Is 3 a factor of k?
True
Suppose -19 = -2*t + 5*l, -2*l + 4 = -4*t - 6*l. Let k be (5/(-10))/(t/20). Let b(x) = x**3 + 7*x**2 + x. Is b(k) a multiple of 16?
False
Let s be 1/(3/1 + -2). Let d = 0 + s. Let h = 3 - d. Is 2 a factor of h?
True
Let f(s) = 6*s - 1 + 0*s**3 + 2*s**3 + 3*s**2 - 3*s**3. Is f(4) a multiple of 4?
False
Let c be (3/(-2))/((-2)/4). Suppose y = -3*a + 6*a - 48, 5*a + c*y = 94. Is a a multiple of 17?
True
Let o(u) be the second derivative of -u**3/6 + u**2/2 - u. Let d be o(-2). Suppose -y + 5*a = y - 49, -4*a = d*y - 62. Is 11 a factor of y?
True
Suppose -k = 1 + 5. Let p be 0*2/(k/1). Suppose p = 4*i - 43 + 15. Does 7 divide i?
True
Let a(m) = 4*m**2 - 2*m - 2. Suppose -r - o = 4*o + 2, 6 = -3*r + 3*o. Does 5 divide a(r)?
False
Suppose -21*m = -23*m + 124. Is m a multiple of 47?
False
Let t(g) = -7*g**2 + 3*g. Let j(s) = s**3 + 2. Let w be j(0). Let z be t(w). Let d = 37 + z. Is d a multiple of 14?
False
Let y(l) = l**2 + 10*l + 10. Let q(a) = 9*a + 1. Let s be q(-1). Let f be y(s). Let b = 9 + f. Is 2 a factor of b?
False
Let n(h) = 3*h - 4. Let b(m) = 7*m - 9. Let o(k) = 2*b(k) - 5*n(k). Let w be o(-5). Suppose -3*c - w = -5*v, 3 - 1 = -3*c + 4*v. Is c a multiple of 6?
True
Does 13 divide -3 - ((-4)/2 + -14)?
True
Is 25 a factor of (100/(-9 - -4))/(2/(-10))?
True
Let v(z) = 2*z**2 + z - 1. Let c be v(1). Suppose -6*m + c*m = -168. Is 11 a factor of m?
False
Is 32/((14/(-4))/(-7)) a multiple of 32?
True
Suppose 33 + 3 = 4*g. Let x = g + -2. Is x a multiple of 2?
False
Suppose 4*m + 39 = -g, 0 = -2*g - m - 91 + 20. Let j = g + 75. Is j a multiple of 20?
True
Suppose c - 10 - 9 = 0. Suppose 13 = -4*u - c. Does 17 divide (-178)/u - (-1)/(-4)?
False
Let n = -41 + 57. Suppose g - 3 = n. Is 5 a factor of g?
False
Does 15 divide 2/(-9) - 2668/(-18)?
False
Suppose 0*n + 5*n = 240. Is n a multiple of 24?
True
Let s = 12 - 1. Let b = -1 + s. Is b a multiple of 10?
True
Let j be 9/(-3 + 0) + 29. Is 19 a factor of (j/(-6))/((-2)/24)?
False
Let r be (-13)/(-4) + (-1)/4. Let w be 5 + -4 + r*29. Suppose 2 = 5*j - w. Is 13 a factor of j?
False
Let l(q) = q**2 + 4*q + 8. Does 15 divide l(-7)?
False
Suppose -2*j + 72 = 3*k, -4*j + 3*k = -9*j + 162. Is 6 a factor of j?
True
Let m be (4/(-5))/(1/15). Is (2 + m/8)*58 a multiple of 29?
True
Let y = -193 - -283. Does 5 divide y?
True
Let f = -6 + 58. Does 26 divide f?
True
Let n(g) = -12*g + 5. Let p be n(-5). Does 6 divide (-32)/40*p/(-2)?
False
Suppose -2*w = 2*w - 44. Is 11 a factor of w?
True
Suppose 0 = b + 3*o - 24, 0*b + 3*b - 5*o - 2 = 0. Suppose 3*k - 3 = b. Is k a multiple of 2?
True
Suppose 0 = -4*f - 9 - 7. Let w be (-1)/((-7)/f + -2). Does 15 divide w*((-19)/(-2) - 2)?
True
Let c be 9/(-21) - 384/(-14). Let f = c - 7. Does 7 divide f?
False
Suppose -v - 6 = -2*v. Is v a multiple of 3?
True
Let k(x) = x**2 + 5*x + 6. Is 2 a factor of k(-4)?
True
Suppose 82 = -2*v - 44. Is 13 a factor of v*((-20)/(-6))/(-5)?
False
Suppose 0 = -4*r - w + 315, -2*r + 6*r = -3*w + 305. Does 20 divide r?
True
Suppose 0 = 5*d - d - 4. Does 21 divide (d - 3) + (-138)/(-6)?
True
Let a(s) = s**3 + 9*s**2 + 9*s + 4. Let p be a(-6). Let m = p - 34. Is m a multiple of 24?
True
Let b(i) = -i**2 + 35*i + 66. Is 16 a factor of b(29)?
True
Does 6 divide ((-4)/(-10))/(3/180)?
True
Let i be (9/(-3) - -3)/(-2). Suppose -n = -i*n - 4. Let d = 6 + n. Does 10 divide d?
True
Let i = -2 - -6. Suppose -y = -i*y + 9. Let n = y - -12. Does 8 divide n?
False
Suppose 2*k - 5*k - 45 = 0. Let m = k + 54. Is 13 a factor of m?
True
Let p(m) = -3*m + 7. Let a(f) = -2*f + 4. Let i(s) = -10*a(s) + 6*p(s). Suppose 3 = o - 0*o. Is 4 a factor of i(o)?
True
Suppose 0 = -2*c - c + 648. Is c a multiple of 12?
True
Let v(r) = r**3 + 2*r**2 - 4*r. Let p be v(-3). Suppose -y - 1 + 4 = 0. Suppose -y*m + 21 = -p. Is 8 a factor of m?
True
Let m = -2 + 4. Let w = 205 + -111. Suppose m*q - w = -0*q. Does 20 divide q?
False
Let s(d) be the third derivative of d**5/20 + d**4/4 - d**3/6 + 3*d**2. Let g(t) be the first derivative of s(t). Does 12 divide g(6)?
False
Let l(x) = -7*x - 16. Is l(-8) a multiple of 10?
True
Let u = 171 + -57. Let x = -80 + u. Is x a multiple of 17?
True
Is (21/9)/((-4)/(-420)) a multiple of 15?
False
Suppose 20*d = 16*d - 8. Let r be (-56)/(-10) + 4/10. Let f = r - d. Is f a multiple of 3?
False
Let z = 17 + -15. Suppose -f + 3*y = -24, z*f = -4*y + 3 + 5. Is 4 a factor of f?
True
Suppose 87 = 3*w + 21. Is w a multiple of 8?
False
Suppose -2*i + 2*v - 62 = -v, -4*v = -5*i - 141. Let q = -15 - i. Is 10 a factor of q?
True
Let f be (-2)/6 - (-148)/12. Suppose -x + f = 2*h, 4*h + 2*x - 12 = 6*x. Suppose -h*y - 2*i + 30 = 0, -3*y + 2*i + 0*i + 2 = 0. Is y even?
True
Let i = 248 + -154. Is 8 a factor of 1/4 + i/8?
False
Suppose -2*d + 7 = 3*k, 4*d + 12 - 47 = k. Let b(n) = n - 6. Let u be b(d). Suppose 6*y = u*y + 40. Is 10 a factor of y?
True
Suppose 2*k - 4 = -0*k. Suppose -w = k*w. Is 2 a factor of (1 + 4)/(1 - w)?
False
Suppose 8*f + 75 = 3*f. Does 5 divide ((-11)/33)/(1/f)?
True
Suppose -5*k = -3*k - 2. Suppose 29 = m - k. Is m a multiple of 10?
True
Let n be (4/(-3) - -2)*-3. Let y be ((-1)/1)/(n/(-50)). Let u = y - -63. Does 13 divide u?
False
Is 3 a factor of (-7)/(14/(-4)) + 1?
True
Does 28 divide (14*3)/((-3)/(-2))?
True
Suppose 4*z - 20 = 0, 9*l + 5*z + 635 = 12*l. Is 44 a factor of l?
True
Suppose 5*i = -k, -k - 57 = 3*k + i. Let x be (10/k)/(1/(-3)). Is ((-38)/(-3))/(x/6) a multiple of 13?
False
Let p(c) = -c**3 - 6*c**2 + 5*c + 3. Let z be p(-7). Let l = z + -1. Is l a multiple of 4?
True
Suppose -5*b = -3*o - 375, -b + 62 = 4*o - 13. Suppose -3*p + 4 = -2. Suppose -d + b = p*d. Is d a multiple of 11?
False
Suppose 2*z - 2 + 6 = -j, 11 = -2*j - 3*z. Let b be 4/(j/(-4) + -2). Suppose b = 2*t - 8. Is t a multiple of 8?
True
Is 0 + (1 - -7) - 1 a multiple of 2?
False
Suppose f - 14 - 3 = -3*w, 4*f = 3*w + 8. Suppose 0 = 2*c + 6, 0 = -2*h - 3*c - c + w. Does 5 divide h?
False
Suppose -5*f - 19 = 11. Let h = 11 - f. Is 17 a factor of h?
True
Let z(b) = -b**3 + 6*b**2 + 3*b - 14. Let r be z(6). Suppose -j = r*p + 2*j - 29, 4*p - 4*j - 64 = 0. Does 6 divide p?
False
Suppose 5*t + 4*x = 244, -3*t - t + 190 = -2*x. Does 14 divide t?
False
Let g = 287 + -116. Is g a multiple of 12?
False
Let q(t) = 64*t + 3. Is q(3) a multiple of 19?
False
Let w = 298 + -144. Is 18 a factor of w?
False
Suppose -3*u = -4*u + 36. Does 12 divide u - 0*4/(-12)?
True
Let x(v) = 32*v**2 - 9. Is x(3) a multiple of 37?
False
Let b = -1 - -3. Suppose -b*y = -4*y - 20. Is 69/5 - 2/y a multiple of 14?
True
Let i(y) = y**2 + 10*y - 11. Let c be i(-11). Suppose t - 8 = -c*t. Let r = 11 - t. Is r a multiple of 3?
True
Suppose -2*u + 0*u = 14. Let t(q) = -2*q**2 - 15*q + 3. Is 3 a factor of t(u)?
False
Suppose -4*l + 305 = l. Does 3 divide l?
False
Let h = 43 + -15. Is 14 a factor of h?
True
Let n(o) = 6*o + 0*o + 4 + o**2 + 0*o**2. Let y be n(-6). Suppose -g = -2*w + 59, -108 = -3*w - y*g - g. Is w a multiple of 12?
False
Suppose 6*h = 1701 - 135. 